git of 533?
3
What is the hundreds digit of 33372?
3
What is the units digit of 1617?
7
What is the thousands digit of 3401?
3
What is the tens digit of 77765?
6
What is the units digit of 625?
5
What is the tens digit of 13646?
4
What is the thousands digit of 10877?
0
What is the tens digit of 138350?
5
What is the hundreds digit of 9338?
3
What is the hundreds digit of 3858?
8
What is the units digit of 930?
0
What is the hundreds digit of 19158?
1
What is the tens digit of 491?
9
What is the units digit of 1081?
1
What is the thousands digit of 5749?
5
What is the tens digit of 48978?
7
What is the thousands digit of 3225?
3
What is the hundreds digit of 12608?
6
What is the ten thousands digit of 31293?
3
What is the tens digit of 2655?
5
What is the units digit of 1903?
3
What is the tens digit of 619?
1
What is the ten thousands digit of 13545?
1
What is the tens digit of 625?
2
What is the hundreds digit of 59018?
0
What is the thousands digit of 38992?
8
What is the units digit of 24511?
1
What is the tens digit of 2120?
2
What is the ten thousands digit of 12523?
1
What is the hundreds digit of 16258?
2
What is the tens digit of 594?
9
What is the thousands digit of 17345?
7
What is the units digit of 9964?
4
What is the hundred thousands digit of 133135?
1
What is the tens digit of 23?
2
What is the tens digit of 1480?
8
What is the hundreds digit of 115888?
8
What is the hundreds digit of 2129?
1
What is the units digit of 877?
7
What is the tens digit of 1258?
5
What is the units digit of 8988?
8
What is the thousands digit of 17266?
7
What is the tens digit of 12154?
5
What is the tens digit of 6495?
9
What is the units digit of 5673?
3
What is the tens digit of 2195?
9
What is the units digit of 6989?
9
What is the tens digit of 2174?
7
What is the thousands digit of 36078?
6
What is the tens digit of 1522?
2
What is the tens digit of 1862?
6
What is the units digit of 1214?
4
What is the tens digit of 21451?
5
What is the thousands digit of 3488?
3
What is the hundreds digit of 3787?
7
What is the thousands digit of 1243?
1
What is the tens digit of 23992?
9
What is the hundreds digit of 1233?
2
What is the tens digit of 528?
2
What is the units digit of 1985?
5
What is the tens digit of 369?
6
What is the hundreds digit of 3026?
0
What is the tens digit of 2744?
4
What is the hundreds digit of 399?
3
What is the units digit of 1109?
9
What is the units digit of 774?
4
What is the tens digit of 1322?
2
What is the hundreds digit of 1250?
2
What is the tens digit of 27034?
3
What is the hundreds digit of 10119?
1
What is the tens digit of 5711?
1
What is the hundreds digit of 602?
6
What is the thousands digit of 4325?
4
What is the hundreds digit of 235?
2
What is the tens digit of 46247?
4
What is the hundreds digit of 29799?
7
What is the tens digit of 31?
3
What is the thousands digit of 1152?
1
What is the units digit of 160?
0
What is the units digit of 8661?
1
What is the units digit of 582?
2
What is the hundreds digit of 393?
3
What is the units digit of 2259?
9
What is the tens digit of 122149?
4
What is the hundreds digit of 21734?
7
What is the units digit of 1388?
8
What is the units digit of 5111?
1
What is the tens digit of 1252?
5
What is the tens digit of 5340?
4
What is the ten thousands digit of 23579?
2
What is the hundreds digit of 521?
5
What is the thousands digit of 2467?
2
What is the units digit of 79160?
0
What is the tens digit of 1256?
5
What is the hundreds digit of 12818?
8
What is the hundreds digit of 2645?
6
What is the units digit of 3950?
0
What is the hundreds digit of 164?
1
What is the units digit of 3505?
5
What is the thousands digit of 1603?
1
What is the hundreds digit of 7815?
8
What is the hundreds digit of 23032?
0
What is the units digit of 5155?
5
What is the hundreds digit of 24059?
0
What is the hundreds digit of 38130?
1
What is the tens digit of 2588?
8
What is the tens digit of 5395?
9
What is the hundreds digit of 143587?
5
What is the tens digit of 3773?
7
What is the hundreds digit of 2088?
0
What is the tens digit of 28215?
1
What is the ten thousands digit of 69316?
6
What is the tens digit of 279?
7
What is the tens digit of 852?
5
What is the tens digit of 33674?
7
What is the hundreds digit of 486?
4
What is the thousands digit of 3813?
3
What is the thousands digit of 1465?
1
What is the units digit of 41655?
5
What is the tens digit of 5687?
8
What is the thousands digit of 10894?
0
What is the units digit of 44520?
0
What is the units digit of 2443?
3
What is the thousands digit of 1332?
1
What is the thousands digit of 2634?
2
What is the thousands digit of 23984?
3
What is the units digit of 554?
4
What is the hundreds digit of 725?
7
What is the thousands digit of 105529?
5
What is the tens digit of 759?
5
What is the units digit of 34247?
7
What is the units digit of 32039?
9
What is the units digit of 3532?
2
What is the units digit of 1826?
6
What is the units digit of 61599?
9
What is the hundreds digit of 624?
6
What is the hundreds digit of 13269?
2
What is the hundreds digit of 3232?
2
What is the thousands digit of 12017?
2
What is the units digit of 14602?
2
What is the units digit of 2867?
7
What is the units digit of 2007?
7
What is the tens digit of 11793?
9
What is the units digit of 10080?
0
What is the hundreds digit of 753?
7
What is the units digit of 242?
2
What is the units digit of 1941?
1
What is the ten thousands digit of 24974?
2
What is the hundreds digit of 523?
5
What is the hundreds digit of 8863?
8
What is the units digit of 4943?
3
What is the thousands digit of 4996?
4
What is the units digit of 1902?
2
What is the thousands digit of 2492?
2
What is the tens digit of 1703?
0
What is the units digit of 1515?
5
What is the hundreds digit of 348?
3
What is the units digit of 5864?
4
What is the hundreds digit of 33446?
4
What is the thousands digit of 5530?
5
What is the tens digit of 1433?
3
What is the hundreds digit of 7901?
9
What is the hundreds digit of 2119?
1
What is the thousands digit of 1000?
1
What is the tens digit of 653?
5
What is the tens digit of 596?
9
What is the units digit of 3491?
1
What is the hundreds digit of 131688?
6
What is the ten thousands digit of 20591?
2
What is the tens digit of 54456?
5
What is the hundreds digit of 4713?
7
What is the tens digit of 28961?
6
What is the hundreds digit of 9223?
2
What is the tens digit of 7999?
9
What is the units digit of 133741?
1
What is the thousands digit of 9661?
9
What is the tens digit of 1485?
8
What is the units digit of 545?
5
What is the hundreds digit of 1123?
1
What is the thousands digit of 26135?
6
What is the units digit of 1000?
0
What is the units digit of 15696?
6
What is the thousands digit of 4869?
4
What is the hundreds digit of 126248?
2
What is the hundreds digit of 9393?
3
What is the hundreds digit of 34906?
9
What is the units digit of 1460?
0
What is the hundreds digit of 6174?
1
What is the units digit of 127252?
2
What is the units digit of 8220?
0
What is the ten thousands digit of 34826?
3
What is the tens digit of 77712?
1
What is the hundreds digit of 7787?
7
What is the thousands digit of 2673?
2
What is the thousands digit of 23490?
3
What is the units digit of 29131?
1
What is the units digit of 1573?
3
What is the tens digit of 875?
7
What is the hundred thousands digit of 166824?
1
What is the hundreds digit of 2829?
8
What is the tens digit of 9015?
1
What is the hundreds digit of 1559?
5
What is the thousands digit of 6634?
6
What is the units digit of 1088?
8
What is the tens digit of 13640?
4
What is the ten thousands digit of 46190?
4
What is the hundreds digit of 1224?
2
What is the tens digit of 10174?
7
What is the hundreds digit of 1037?
0
What is the hundreds digit of 19138?
1
What is the units digit of 1488?
8
What is the tens digit of 697?
9
What is the units digit of 51953?
3
What is the hundreds digit of 856?
8
What is the units digit of 905?
5
What is the ten thousands digit of 34401?
3
What is the tens digit of 586?
8
What is the tens digit of 781?
8
What is the thousands digit of 7519?
7
What is the units digit of 18160?
0
What is the units digit of 140167?
7
What is the tens digit of 5906?
0
What is the tens